 -3 + 6. Suppose 4*h - 6 - 4 = i, h + 4 = -u*i. Suppose -3*p + 9 = -h*p. What is the remainder when 16 is divided by p?
7
Suppose -t - 4*x + 13 = 0, 4*t - 71 = -0*x + 3*x. Let z = 8 + t. Calculate the remainder when 99 is divided by z.
24
Suppose -19*b + 845 - 28 = 0. What is the remainder when 126 is divided by b?
40
Suppose -187 = -t - 3*g - 33, -661 = -4*t - 3*g. What is the remainder when t is divided by 25?
19
Suppose j - r = -138, 4*j + 2*r = -0*r - 564. Let z = -128 - j. Calculate the remainder when (-46)/(-4)*4*1 is divided by z.
10
Suppose 18*m + 2505 = 165585. What is the remainder when m/45 - (-2)/3 is divided by 29?
28
Let t be (0 - 0)/(-2) - 3. Let n be 1 - 2 - (9/9 + 16). Let m = t - n. Calculate the remainder when m is divided by 4.
3
Let r = 16 + -6. Suppose 0 = -5*x + 20 + r. What is the remainder when -2 - ((2 + -8)*-2)/(-1) is divided by x?
4
Suppose -5*n + 334 + 444 = -z, 4*n = -5*z + 605. What is the remainder when n is divided by 42?
29
Let l(f) = -f**3 + 2*f**2 + 5*f + 12. What is the remainder when 16 is divided by l(0)?
4
Let d(i) = -10*i + 1 + 11*i + 2. Let g be d(-3). Suppose x - s - 98 = g, -s - 200 = -5*x + 3*x. Calculate the remainder when x is divided by 21.
18
Let c = 51 + -25. Let t = 40 - c. Calculate the remainder when 25 is divided by t.
11
Let t = 59 + -38. What is the remainder when 61 is divided by t?
19
Let h(k) = 63*k**2 + 12*k + 1. What is the remainder when h(1) is divided by (4/6)/(-1)*-30?
16
Let h(d) = -d**2 + 17*d + 3. Let s be h(14). Suppose 171 = 2*l + s. What is the remainder when l is divided by 16?
15
Let l = -437 + 481. Calculate the remainder when l is divided by 9.
8
Suppose 0 = p + 3*p - 5*d - 306, 0 = -p - 3*d + 85. What is the remainder when p is divided by 32?
15
Let g(x) = 4*x + 8*x**2 - 4*x**2 - 10 + 17. What is the remainder when g(3) is divided by 19?
17
Suppose -47*o = -49*o + 480. What is the remainder when o is divided by 11?
9
Let i = -39 - -67. Let p(v) = i*v + 5 + v**2 - 6*v - 14*v. Calculate the remainder when 24 is divided by p(-9).
10
Suppose 5*n - 4*v + 27 = -409, -104 = n - 5*v. Let p = n + 142. What is the remainder when p is divided by 10*((-1 - -1) + 2)?
18
Calculate the remainder when 112 is divided by (-3)/((-2)/110*5).
13
Let v = -225 - -302. What is the remainder when v is divided by 40?
37
Let y(p) = 170*p**2 + 11*p - 3. What is the remainder when y(2) is divided by 78?
75
Let v(p) = p + 13. Let r be -13 - (-4)/(-16)*4. Let q be v(r). Let y = 14 + q. What is the remainder when y is divided by 9?
4
Let n = -1020 - -1309. Calculate the remainder when n is divided by 27.
19
Let f(i) = -4*i - 30. Let u be f(-11). Suppose 0 = -11*k + u*k - 201. Calculate the remainder when k is divided by 14.
11
Let s(x) = -x**3 - x - 4. Let i = -183 + 188. What is the remainder when s(-2) is divided by i?
1
Let u(s) = -s**3 + 12*s**2 - 9*s - 16. Let d be u(11). Suppose 5*k - 105 = -4*w, -3*k + d*k - 4*w - 63 = 0. Calculate the remainder when k is divided by 12.
9
Let o be (-48)/(-6) - (-1 - -5). Suppose 0 = 4*v - 3*p - 28, v = o*p - 4 - 2. What is the remainder when v is divided by 3?
1
Suppose -125 = -2*b - 3*b. Suppose 2*h + 180 = 6*h. Suppose 3 = j - h. Calculate the remainder when j is divided by b.
23
Let j = -6 - -11. Suppose 5 + 1 = 3*w. Suppose w*u - j*x = -3*u + 10, 0 = -u - 5*x + 26. What is the remainder when 22 is divided by u?
4
Let y(v) = -2*v - 3 - 9*v + 1 + 3. Suppose -t = -d + 5*d - 78, -242 = -4*t - 2*d. Calculate the remainder when t is divided by y(-1).
10
Let m(o) = -2*o**3 + 10*o**2 + 16*o - 9. What is the remainder when 55 + ((-12)/(-9) - (-2)/3) is divided by m(6)?
12
Let n = 24 - 15. Suppose -5*o + n = -11. Suppose 0 = -648*l + 652*l - 60. What is the remainder when l is divided by o?
3
Suppose -3*z + 1431 = 3*g + z, -3*g + 4*z + 1455 = 0. Calculate the remainder when g is divided by 23.
21
Suppose 4*s - 40 = -4*n, -n - 37 = -5*n - 5*s. Suppose -3*t - 51 = 6*a - 7*a, 0 = -2*a - t + 67. What is the remainder when a is divided by n?
10
Suppose 6*f - 40 = -4*i + 2*f, 0 = 3*i + f - 22. What is the remainder when ((-2)/(-3))/(24/612) + -4 is divided by (9/(-6))/(i/(-32))?
5
What is the remainder when 718 is divided by 176*5/30 + 6/9?
28
Let l(b) = -b**2 + 20*b + 66. What is the remainder when 85 is divided by l(22)?
19
Let h be 14 + -14 + -3*2. Let o be (h/(-5))/(24/(-80)). What is the remainder when 50 is divided by (1 + o)*-6*1?
14
Let c(z) be the second derivative of -z**5/20 + z**4/2 - z**3/3 + 10*z**2 + 4*z. Calculate the remainder when 87 is divided by c(6).
7
Let p(l) = -18*l + 21 - 1 - 4*l**2 + 2*l**2 + 0*l**2. What is the remainder when 39 is divided by p(-9)?
19
Let z(r) be the first derivative of -r**4/4 - 20*r**3/3 + 19*r**2/2 - 8*r - 2. Calculate the remainder when 66 is divided by z(-21).
32
Let r = 1 - -1. Suppose 0 = 5*v - 27*v + 352. Calculate the remainder when -1 - -8*4*r is divided by v.
15
Let w(x) = x**3 - 6*x**2 + 7*x + 7. What is the remainder when w(7) is divided by 35?
0
Suppose -3 = -2*g - 1. Suppose 3*a = 2*p - 2*a + 6, -p + 12 = 5*a. Calculate the remainder when g is divided by 2*(1 - 1/p).
0
What is the remainder when (-26 + 27)/((-1)/(-87)) is divided by 30?
27
Let x = -143 + 128. Calculate the remainder when 92 is divided by 2/(-6) + (125/x)/(-1).
4
Let i(z) = 32*z**2 + 13*z + 5. Calculate the remainder when i(-3) is divided by 64.
62
Suppose 0 = 2*z - 7 - 75. Calculate the remainder when 121 is divided by z.
39
Let a be (-7 - -1) + 5 + 5. Let d be 0 + (-1)/(-1) + -6. Calculate the remainder when 9 is divided by (-1 - 2)*(d + a).
0
Calculate the remainder when 16 is divided by 2 - (4 - 12) - 6.
0
Suppose -6*q - 9 = -5*q. Let o be q + 90 + (0 - 1). Suppose o = 7*a - 207. Calculate the remainder when a is divided by 14.
13
Suppose 2*i - 5*w + 122 = 0, -2*w = -2*i + 2*w - 126. Let g = -41 - i. What is the remainder when g is divided by 9?
3
Let m(d) = 6*d**2 + 13*d + 53. Calculate the remainder when m(-11) is divided by 20.
16
Suppose 2*h - h - 12 = 0. Let z = 407 - 167. What is the remainder when (h/10)/(9/z) is divided by 17?
15
Let b(q) = 7*q**2 - q. Let y be b(-1). Let h(o) = -o + 17. Suppose -d - d + 7 = u, 2*u - 5*d - 5 = 0. Calculate the remainder when h(y) is divided by u.
4
Suppose 4*h = 3*w - 169, w = -5*h + 28 + 22. Let g = 13 + w. What is the remainder when g is divided by 14?
12
Let p(q) = 18*q**2 - 2*q + 2. Let t(b) = 37*b**2 - 5*b + 4. Let u(x) = 5*p(x) - 2*t(x). Calculate the remainder when u(-2) is divided by 14.
10
Let f(a) = -18 + 8*a + 0*a - 5*a + a**3 - 8*a**2. Calculate the remainder when 10 is divided by f(8).
4
Let z = -4020 - -4063. Suppose 5*x - 86 = -26. Calculate the remainder when z is divided by x.
7
Calculate the remainder when 2317 is divided by -6 + 21/(189/396).
37
Suppose 0 = 4*f - 7*f + 54. Suppose -t = 5*h - f + 8, 0 = 5*t + 5*h - 50. Calculate the remainder when t is divided by 2.
0
Let l(z) = -z**3 + 11*z**2 + 5*z + 7. Let x be l(11). Let n = x + -53. What is the remainder when n is divided by 4?
1
Suppose -5*h - 19 = 4*r - 103, -r = -4*h + 84. Let n(d) = 111*d - 1237. What is the remainder when n(12) is divided by h?
15
Suppose 7*h + 32*h - 10686 = 0. Calculate the remainder when h is divided by 27.
4
Let y = -425 + 811. Calculate the remainder when y is divided by 43.
42
Suppose 149*a - 13232 = 141*a. What is the remainder when a is divided by 18?
16
Let n = 448 + -422. What is the remainder when 123 is divided by n?
19
Let j(f) = f**2 + 2*f + 5. Suppose h - 129 = 4*q - 9*q, 5 = -5*h. What is the remainder when j(7) is divided by q?
16
Let y(q) = -419*q**2 - 2*q**3 + 7*q - 2*q**3 + 424*q**2. What is the remainder when y(-3) is divided by 35?
27
Suppose 0 = o - 3*h - 2*h - 49, 0 = -o + 2*h + 40. Let n = o + -1. What is the remainder when 162 is divided by n?
30
Calculate the remainder when (1*(-9)/9)/(1/(-73)) is divided by 38.
35
Let a = -414 - -528. Calculate the remainder when a is divided by 10.
4
Suppose -10*d + 18*d - 88 = 0. Let l = d - -47. Calculate the remainder when l is divided by 20.
18
Let y(z) = z**2 - 6*z + 6. Calculate the remainder when 1 + 5/(-4) - 725/(-20) is divided by y(7).
10
Suppose 16*j + 12 = 18*j. What is the remainder when j/(-12) + 187/2 is divided by 24?
21
Let